{"id":90,"date":"2014-07-25T18:32:40","date_gmt":"2014-07-25T16:32:40","guid":{"rendered":"http:\/\/yumi-hotel.de\/?page_id=90"},"modified":"2015-01-05T17:44:55","modified_gmt":"2015-01-05T15:44:55","slug":"90-2","status":"publish","type":"page","link":"https:\/\/yumi-hotel.de\/?page_id=90","title":{"rendered":"Freizeit und Umgebung"},"content":{"rendered":"<p><div data-carousel-extra='{\"blog_id\":1,\"permalink\":\"https:\\\/\\\/yumi-hotel.de\\\/?page_id=90\"}' id='gallery-1' class='gallery galleryid-90 gallery-columns-3 gallery-size-thumbnail'><figure class='gallery-item'>\n\t\t\t<div class='gallery-icon landscape'>\n\t\t\t\t<a href='https:\/\/yumi-hotel.de\/?attachment_id=95'><img width=\"150\" height=\"150\" src=\"https:\/\/i2.wp.com\/yumi-hotel.de\/wp-content\/uploads\/2014\/07\/1164238757.jpg?resize=150%2C150&amp;ssl=1\" class=\"attachment-thumbnail size-thumbnail\" alt=\"\" loading=\"lazy\" aria-describedby=\"gallery-1-95\" srcset=\"https:\/\/i2.wp.com\/yumi-hotel.de\/wp-content\/uploads\/2014\/07\/1164238757.jpg?resize=150%2C150&amp;ssl=1 150w, https:\/\/i2.wp.com\/yumi-hotel.de\/wp-content\/uploads\/2014\/07\/1164238757.jpg?zoom=2&amp;resize=150%2C150 300w\" sizes=\"(max-width: 150px) 100vw, 150px\" data-attachment-id=\"95\" data-permalink=\"https:\/\/yumi-hotel.de\/?attachment_id=95\" data-orig-file=\"https:\/\/i2.wp.com\/yumi-hotel.de\/wp-content\/uploads\/2014\/07\/1164238757.jpg?fit=440%2C292&amp;ssl=1\" data-orig-size=\"440,292\" data-comments-opened=\"1\" data-image-meta=\"{&quot;aperture&quot;:&quot;0&quot;,&quot;credit&quot;:&quot;&quot;,&quot;camera&quot;:&quot;&quot;,&quot;caption&quot;:&quot;&quot;,&quot;created_timestamp&quot;:&quot;0&quot;,&quot;copyright&quot;:&quot;&quot;,&quot;focal_length&quot;:&quot;0&quot;,&quot;iso&quot;:&quot;0&quot;,&quot;shutter_speed&quot;:&quot;0&quot;,&quot;title&quot;:&quot;&quot;}\" data-image-title=\"Vulkanpark\" data-image-description=\"&lt;p&gt;Quelle: Holidaycheck.de&lt;\/p&gt;\n\" data-medium-file=\"https:\/\/i2.wp.com\/yumi-hotel.de\/wp-content\/uploads\/2014\/07\/1164238757.jpg?fit=300%2C199&amp;ssl=1\" data-large-file=\"https:\/\/i2.wp.com\/yumi-hotel.de\/wp-content\/uploads\/2014\/07\/1164238757.jpg?fit=440%2C292&amp;ssl=1\" \/><\/a>\n\t\t\t<\/div>\n\t\t\t\t<figcaption class='wp-caption-text gallery-caption' id='gallery-1-95'>\n\t\t\t\tVulkanpark, Quelle: Holidaycheck.de\n\t\t\t\t<\/figcaption><\/figure><figure class='gallery-item'>\n\t\t\t<div class='gallery-icon landscape'>\n\t\t\t\t<a href='https:\/\/yumi-hotel.de\/?attachment_id=96'><img width=\"150\" height=\"150\" src=\"https:\/\/i0.wp.com\/yumi-hotel.de\/wp-content\/uploads\/2014\/07\/luftbild.jpg?resize=150%2C150&amp;ssl=1\" class=\"attachment-thumbnail size-thumbnail\" alt=\"\" loading=\"lazy\" aria-describedby=\"gallery-1-96\" srcset=\"https:\/\/i0.wp.com\/yumi-hotel.de\/wp-content\/uploads\/2014\/07\/luftbild.jpg?resize=150%2C150&amp;ssl=1 150w, https:\/\/i0.wp.com\/yumi-hotel.de\/wp-content\/uploads\/2014\/07\/luftbild.jpg?zoom=2&amp;resize=150%2C150 300w, https:\/\/i0.wp.com\/yumi-hotel.de\/wp-content\/uploads\/2014\/07\/luftbild.jpg?zoom=3&amp;resize=150%2C150 450w\" sizes=\"(max-width: 150px) 100vw, 150px\" data-attachment-id=\"96\" data-permalink=\"https:\/\/yumi-hotel.de\/?attachment_id=96\" data-orig-file=\"https:\/\/i0.wp.com\/yumi-hotel.de\/wp-content\/uploads\/2014\/07\/luftbild.jpg?fit=515%2C386&amp;ssl=1\" data-orig-size=\"515,386\" data-comments-opened=\"1\" data-image-meta=\"{&quot;aperture&quot;:&quot;0&quot;,&quot;credit&quot;:&quot;&quot;,&quot;camera&quot;:&quot;&quot;,&quot;caption&quot;:&quot;&quot;,&quot;created_timestamp&quot;:&quot;0&quot;,&quot;copyright&quot;:&quot;&quot;,&quot;focal_length&quot;:&quot;0&quot;,&quot;iso&quot;:&quot;0&quot;,&quot;shutter_speed&quot;:&quot;0&quot;,&quot;title&quot;:&quot;&quot;}\" data-image-title=\"Laacher See\" data-image-description=\"&lt;p&gt;Quelle: Vulkanschule.de&lt;\/p&gt;\n\" data-medium-file=\"https:\/\/i0.wp.com\/yumi-hotel.de\/wp-content\/uploads\/2014\/07\/luftbild.jpg?fit=300%2C224&amp;ssl=1\" data-large-file=\"https:\/\/i0.wp.com\/yumi-hotel.de\/wp-content\/uploads\/2014\/07\/luftbild.jpg?fit=515%2C386&amp;ssl=1\" \/><\/a>\n\t\t\t<\/div>\n\t\t\t\t<figcaption class='wp-caption-text gallery-caption' id='gallery-1-96'>\n\t\t\t\tLaacher See, Quelle: Vulkanschule.de\n\t\t\t\t<\/figcaption><\/figure><figure class='gallery-item'>\n\t\t\t<div class='gallery-icon landscape'>\n\t\t\t\t<a href='https:\/\/yumi-hotel.de\/?attachment_id=97'><img width=\"150\" height=\"150\" src=\"https:\/\/i1.wp.com\/yumi-hotel.de\/wp-content\/uploads\/2014\/07\/Tolii_Park_Aussen.jpg?resize=150%2C150&amp;ssl=1\" class=\"attachment-thumbnail size-thumbnail\" alt=\"\" loading=\"lazy\" aria-describedby=\"gallery-1-97\" srcset=\"https:\/\/i1.wp.com\/yumi-hotel.de\/wp-content\/uploads\/2014\/07\/Tolii_Park_Aussen.jpg?resize=150%2C150&amp;ssl=1 150w, https:\/\/i1.wp.com\/yumi-hotel.de\/wp-content\/uploads\/2014\/07\/Tolii_Park_Aussen.jpg?zoom=2&amp;resize=150%2C150 300w, https:\/\/i1.wp.com\/yumi-hotel.de\/wp-content\/uploads\/2014\/07\/Tolii_Park_Aussen.jpg?zoom=3&amp;resize=150%2C150 450w\" sizes=\"(max-width: 150px) 100vw, 150px\" data-attachment-id=\"97\" data-permalink=\"https:\/\/yumi-hotel.de\/?attachment_id=97\" data-orig-file=\"https:\/\/i1.wp.com\/yumi-hotel.de\/wp-content\/uploads\/2014\/07\/Tolii_Park_Aussen.jpg?fit=640%2C480&amp;ssl=1\" data-orig-size=\"640,480\" data-comments-opened=\"1\" data-image-meta=\"{&quot;aperture&quot;:&quot;6.3&quot;,&quot;credit&quot;:&quot;&quot;,&quot;camera&quot;:&quot;Canon PowerShot G1&quot;,&quot;caption&quot;:&quot;&quot;,&quot;created_timestamp&quot;:&quot;315532816&quot;,&quot;copyright&quot;:&quot;&quot;,&quot;focal_length&quot;:&quot;12.5&quot;,&quot;iso&quot;:&quot;0&quot;,&quot;shutter_speed&quot;:&quot;0.002&quot;,&quot;title&quot;:&quot;&quot;}\" data-image-title=\"Tolli Park\" data-image-description=\"&lt;p&gt;Quelle: www.mayen.de&lt;\/p&gt;\n\" data-medium-file=\"https:\/\/i1.wp.com\/yumi-hotel.de\/wp-content\/uploads\/2014\/07\/Tolii_Park_Aussen.jpg?fit=300%2C225&amp;ssl=1\" data-large-file=\"https:\/\/i1.wp.com\/yumi-hotel.de\/wp-content\/uploads\/2014\/07\/Tolii_Park_Aussen.jpg?fit=640%2C480&amp;ssl=1\" \/><\/a>\n\t\t\t<\/div>\n\t\t\t\t<figcaption class='wp-caption-text gallery-caption' id='gallery-1-97'>\n\t\t\t\tTolli Park, Quelle: mayen.de\n\t\t\t\t<\/figcaption><\/figure>\n\t\t<\/div>\n<br \/>\nWie kaum eine zweite Stadt in der Eifel ist Kaisersesch durch eine wundersch\u00f6ne und abwechslungsreiche Umgebung beg\u00fcnstigt. Die Ausflugsm\u00f6glichkeiten in der Umgebung sind zahlreich und schnell erreichbar.<\/p>\n<p>Tolli Park, Vulkanpark, Deutsches Schieferbergwerk, Garten- und Freibad und der Laacher See in Mayen.<\/p>\n<p>Rund um Cochem gibt es 34 Burgen und Burgruinen, zb. Reichsburg Cochem oder die Weltber\u00fchmte Burg Eltz<br \/>\n<br \/>\nDer N\u00fcrburgring liegt um die Ecke, f\u00fcr Biker gibt die Traumstrasse mit vielen kurven und wundersch\u00f6ne W\u00e4lder.<\/p>\n<p>Das Yumi Hotel liegt\u00a0 direkt am Markt und bietet zahlreiche M\u00f6glichkeiten f\u00fcr Ausfl\u00fcge in und um Eifel.<br \/>\n<br \/>\nCochem, Mayen,N\u00fcrburgring, Koblenz, Eifelpark Gondorf, Mosel Schifffahrten und Phantasialand\u00a0 sind schnell zu erreichen.<br \/>\n<br \/>\nIn unserem Yumi Hotel in Kaisersesch werden Sie einen au\u00dferordentlich angenehmen und erholsamen Aufenthalt erleben, denn unser Hotel wird ausschlie\u00dflich pers\u00f6nlich und famili\u00e4r gef\u00fchrt.<\/p>\n<p>Gem\u00e4\u00df unserem Motto &#8222;Ihr Urlaub, Ihre Familie \u2026 wir freuen uns auf Sie!&#8220; stehen Ihre W\u00fcnsche immer im Mittelpunkt. Wir sind immer ansprechbar und pers\u00f6nlich f\u00fcr Sie da!<br \/>\n[whohit]Freizeit[\/whohit]<\/p>\n","protected":false},"excerpt":{"rendered":"<p>Wie kaum eine zweite Stadt in der Eifel ist Kaisersesch durch eine wundersch\u00f6ne und abwechslungsreiche Umgebung beg\u00fcnstigt. Die Ausflugsm\u00f6glichkeiten in der Umgebung sind zahlreich und schnell erreichbar. Tolli Park, Vulkanpark, Deutsches Schieferbergwerk, Garten- und Freibad und der Laacher See in Mayen. Rund um Cochem gibt es 34 Burgen und Burgruinen, zb. Reichsburg Cochem oder die [&hellip;]<\/p>\n","protected":false},"author":1,"featured_media":0,"parent":0,"menu_order":0,"comment_status":"closed","ping_status":"open","template":"","meta":{"spay_email":""},"jetpack_sharing_enabled":true,"jetpack_shortlink":"https:\/\/wp.me\/Pa7FhA-1s","jetpack-related-posts":[{"id":23,"url":"https:\/\/yumi-hotel.de\/","url_meta":{"origin":90,"position":0},"title":"Willkommen","date":"19. Mai 2014","format":false,"excerpt":"Im\u00a0sch\u00f6ne\u00a0st\u00e4dtchen\u00a0Kaisersesch\u00a0in\u00a0der\u00a0Eifel\u00a0finden\u00a0Sie\u00a0unser\u00a0Yumi\u00a0Hotel Die\u00a0neugestalteten\u00a0freundliche\u00a0Zimmer\u00a0stehen\u00a0Ihnen\u00a0zur\u00a0Verf\u00fcgung. Sie\u00a0sind\u00a0der\u00a0K\u00f6nig\u00a0und\u00a0sagen\u00a0uns,\u00a0was\u00a0Sie\u00a0w\u00fcnschen.\u00a0Im\u00a0liebevoll\u00a0gestalteten\u00a0Restaurant pr\u00e4sentieren wir Ihnen sowohl die anspruchsvolle feine japanische K\u00fcche, als auch internationale K\u00f6stlichkeiten. Wir m\u00f6chten, dass unsere G\u00e4ste den Geschmack der internationalen und saisonalen K\u00fcche neu entdecken oder wiederfinden. Mit viel Kompetenz, Geschick und Feingef\u00fchl werden Sie von fr\u00f6hlichen, jungen Mitarbeitern umsorgt. Ob Sie mit Freunden, Kollegen\u2026","rel":"","context":"\u00c4hnlicher Beitrag","img":{"alt_text":"","src":"https:\/\/i0.wp.com\/yumi-hotel.de\/wp-content\/uploads\/2014\/08\/Floor.jpg?resize=350%2C200","width":350,"height":200},"classes":[]},{"id":206,"url":"https:\/\/yumi-hotel.de\/?page_id=206","url_meta":{"origin":90,"position":1},"title":"Impressum","date":"27. Juli 2018","format":false,"excerpt":"Angaben gem\u00e4\u00df \u00a7 5 TMGBinh Hoang Ly Balduinstr. 1 56759 Kaisersesch Vertreten durch: Binh Hoang Ly Kontakt: Telefon: 02653-9119984 Fax: 02653-9119986 E-Mail: info@yumi-hotel.deHaftungsausschluss: Haftung f\u00fcr Inhalte Die Inhalte unserer Seiten wurden mit gr\u00f6\u00dfter Sorgfalt erstellt. F\u00fcr die Richtigkeit, Vollst\u00e4ndigkeit und Aktualit\u00e4t der Inhalte k\u00f6nnen wir jedoch keine Gew\u00e4hr \u00fcbernehmen. Als\u2026","rel":"","context":"\u00c4hnlicher Beitrag","img":{"alt_text":"","src":"","width":0,"height":0},"classes":[]},{"id":222,"url":"https:\/\/yumi-hotel.de\/?page_id=222","url_meta":{"origin":90,"position":2},"title":"Datenschutz","date":"14. Juni 2019","format":false,"excerpt":"Datenschutzerkl\u00e4rung Allgemeiner Hinweis und Pflichtinformationen Benennung der verantwortlichen Stelle Die verantwortliche Stelle f\u00fcr die Datenverarbeitung auf dieser Website ist: Yumi Hotel Binh Hoang Ly Balduinstr. 1 56759\u00a0Kaisersesch Die verantwortliche Stelle entscheidet allein oder gemeinsam mit anderen \u00fcber die Zwecke und Mittel der Verarbeitung von personenbezogenen Daten (z.B. Namen, Kontaktdaten o.\u2026","rel":"","context":"\u00c4hnlicher Beitrag","img":{"alt_text":"","src":"","width":0,"height":0},"classes":[]},{"id":74,"url":"https:\/\/yumi-hotel.de\/?page_id=74","url_meta":{"origin":90,"position":3},"title":"Unsere Zimmer","date":"13. Juli 2014","format":false,"excerpt":"Die Zimmer verf\u00fcgen \u00fcber Dusche, WC TV,F\u00f6n Kostenfreien W-Lan im gesamten Hotel Hauseigener Parkplatz kostenfrei Reichhaltigen Fr\u00fchst\u00fccksbuffet 7,50 EUR pro Person Fr\u00fchst\u00fcckszeiten: Montag - Samstag 06:30 - 08:30 sowie an allen Sonn und Feiertagen von 08:00 - 10:00 Uhr. Das Ende eines erlebnisreichen Tages k\u00f6nnen Fahrradfreunde und Motorradfreunde auf unserer\u2026","rel":"","context":"\u00c4hnlicher Beitrag","img":{"alt_text":"","src":"https:\/\/i1.wp.com\/yumi-hotel.de\/wp-content\/uploads\/2014\/07\/Bild-226.jpg?resize=350%2C200","width":350,"height":200},"classes":[]},{"id":185,"url":"https:\/\/yumi-hotel.de\/?page_id=185","url_meta":{"origin":90,"position":4},"title":"Slider","date":"27. Juli 2018","format":false,"excerpt":"","rel":"","context":"\u00c4hnlicher Beitrag","img":{"alt_text":"","src":"","width":0,"height":0},"classes":[]}],"_links":{"self":[{"href":"https:\/\/yumi-hotel.de\/index.php?rest_route=\/wp\/v2\/pages\/90"}],"collection":[{"href":"https:\/\/yumi-hotel.de\/index.php?rest_route=\/wp\/v2\/pages"}],"about":[{"href":"https:\/\/yumi-hotel.de\/index.php?rest_route=\/wp\/v2\/types\/page"}],"author":[{"embeddable":true,"href":"https:\/\/yumi-hotel.de\/index.php?rest_route=\/wp\/v2\/users\/1"}],"replies":[{"embeddable":true,"href":"https:\/\/yumi-hotel.de\/index.php?rest_route=%2Fwp%2Fv2%2Fcomments&post=90"}],"version-history":[{"count":6,"href":"https:\/\/yumi-hotel.de\/index.php?rest_route=\/wp\/v2\/pages\/90\/revisions"}],"predecessor-version":[{"id":127,"href":"https:\/\/yumi-hotel.de\/index.php?rest_route=\/wp\/v2\/pages\/90\/revisions\/127"}],"wp:attachment":[{"href":"https:\/\/yumi-hotel.de\/index.php?rest_route=%2Fwp%2Fv2%2Fmedia&parent=90"}],"curies":[{"name":"wp","href":"https:\/\/api.w.org\/{rel}","templated":true}]}}