{"id":206,"date":"2018-07-27T15:27:50","date_gmt":"2018-07-27T13:27:50","guid":{"rendered":"http:\/\/yumi-hotel.de\/?page_id=206"},"modified":"2018-07-27T15:27:50","modified_gmt":"2018-07-27T13:27:50","slug":"impressum","status":"publish","type":"page","link":"http:\/\/yumi-hotel.de\/?page_id=206","title":{"rendered":"Impressum"},"content":{"rendered":"<div class='impressum'>\n<p>Angaben gem\u00e4\u00df \u00a7 5 TMG<\/p>\n<p>Binh Hoang Ly <br \/> <br \/>\nBalduinstr. 1<br \/> <br \/>\n56759 Kaisersesch <br \/> \n<\/p>\n<p> <strong>Vertreten durch: <\/strong><br \/>\nBinh Hoang Ly\n<\/p>\n<p><strong>Kontakt:<\/strong> <br \/>\nTelefon: 02653-9119984<br \/>\nFax: 02653-9119986<br \/>\nE-Mail: <a href='mailto:info@yumi-hotel.de'>info@yumi-hotel.de<\/a><\/br><\/p>\n<p><strong>Haftungsausschluss: <\/strong><\/p>\n<p><strong>Haftung f\u00fcr Inhalte<\/strong><\/p>\n<p>Die Inhalte unserer Seiten wurden mit gr\u00f6\u00dfter Sorgfalt erstellt. F\u00fcr die Richtigkeit, Vollst\u00e4ndigkeit und Aktualit\u00e4t der Inhalte k\u00f6nnen wir jedoch keine Gew\u00e4hr \u00fcbernehmen. Als Diensteanbieter sind wir gem\u00e4\u00df \u00a7 7 Abs.1 TMG f\u00fcr eigene Inhalte auf diesen Seiten nach den allgemeinen Gesetzen verantwortlich. Nach \u00a7\u00a7 8 bis 10 TMG sind wir als Diensteanbieter jedoch nicht verpflichtet, \u00fcbermittelte oder gespeicherte fremde Informationen zu \u00fcberwachen oder nach Umst\u00e4nden zu forschen, die auf eine rechtswidrige T\u00e4tigkeit hinweisen. Verpflichtungen zur Entfernung oder Sperrung der Nutzung von Informationen nach den allgemeinen Gesetzen bleiben hiervon unber\u00fchrt. Eine diesbez\u00fcgliche Haftung ist jedoch erst ab dem Zeitpunkt der Kenntnis einer konkreten Rechtsverletzung m\u00f6glich. Bei Bekanntwerden von entsprechenden Rechtsverletzungen werden wir diese Inhalte umgehend entfernen.<\/p>\n<p><strong>Urheberrecht<\/strong><\/p>\n<p>Die durch die Seitenbetreiber erstellten Inhalte und Werke auf diesen Seiten unterliegen dem deutschen Urheberrecht. Die Vervielf\u00e4ltigung, Bearbeitung, Verbreitung und jede Art der Verwertung au\u00dferhalb der Grenzen des Urheberrechtes bed\u00fcrfen der schriftlichen Zustimmung des jeweiligen Autors bzw. Erstellers. Downloads und Kopien dieser Seite sind nur f\u00fcr den privaten, nicht kommerziellen Gebrauch gestattet. Soweit die Inhalte auf dieser Seite nicht vom Betreiber erstellt wurden, werden die Urheberrechte Dritter beachtet. Insbesondere werden Inhalte Dritter als solche gekennzeichnet. Sollten Sie trotzdem auf eine Urheberrechtsverletzung aufmerksam werden, bitten wir um einen entsprechenden Hinweis. Bei Bekanntwerden von Rechtsverletzungen werden wir derartige Inhalte umgehend entfernen.<\/p>\n<p><strong>Datenschutz<\/strong><\/p>\n<p>Die Nutzung unserer Webseite ist in der Regel ohne Angabe personenbezogener Daten m\u00f6glich. Soweit auf unseren Seiten personenbezogene Daten (beispielsweise Name, Anschrift oder eMail-Adressen) erhoben werden, erfolgt dies, soweit m\u00f6glich, stets auf freiwilliger Basis. Diese Daten werden ohne Ihre ausdr\u00fcckliche Zustimmung nicht an Dritte weitergegeben. <br \/>\nWir weisen darauf hin, dass die Daten\u00fcbertragung im Internet (z.B. bei der Kommunikation per E-Mail) Sicherheitsl\u00fccken aufweisen kann. Ein l\u00fcckenloser Schutz der Daten vor dem Zugriff durch Dritte ist nicht m\u00f6glich. <br \/>\nDer Nutzung von im Rahmen der Impressumspflicht ver\u00f6ffentlichten Kontaktdaten durch Dritte zur \u00dcbersendung von nicht ausdr\u00fccklich angeforderter Werbung und Informationsmaterialien wird hiermit ausdr\u00fccklich widersprochen. Die Betreiber der Seiten behalten sich ausdr\u00fccklich rechtliche Schritte im Falle der unverlangten Zusendung von Werbeinformationen, etwa durch Spam-Mails, vor.\n<\/p>\n<p> <\/p><\/div>\n","protected":false},"excerpt":{"rendered":"<p>Angaben gem\u00e4\u00df \u00a7 5 TMG Binh Hoang Ly Balduinstr. 1 56759 Kaisersesch Vertreten durch: Binh Hoang Ly Kontakt: Telefon: 02653-9119984 Fax: 02653-9119986 E-Mail: info@yumi-hotel.de Haftungsausschluss: Haftung f\u00fcr Inhalte Die Inhalte unserer Seiten wurden mit gr\u00f6\u00dfter Sorgfalt erstellt. F\u00fcr die Richtigkeit, Vollst\u00e4ndigkeit und Aktualit\u00e4t der Inhalte k\u00f6nnen wir jedoch keine Gew\u00e4hr \u00fcbernehmen. Als Diensteanbieter sind wir [&hellip;]<\/p>\n","protected":false},"author":1,"featured_media":0,"parent":0,"menu_order":0,"comment_status":"closed","ping_status":"closed","template":"","meta":{"spay_email":""},"jetpack_sharing_enabled":true,"jetpack_shortlink":"https:\/\/wp.me\/Pa7FhA-3k","jetpack-related-posts":[{"id":222,"url":"http:\/\/yumi-hotel.de\/?page_id=222","url_meta":{"origin":206,"position":0},"title":"Datenschutz","date":"14. Juni 2019","format":false,"excerpt":"Datenschutzerkl\u00e4rung Allgemeiner Hinweis und Pflichtinformationen Benennung der verantwortlichen Stelle Die verantwortliche Stelle f\u00fcr die Datenverarbeitung auf dieser Website ist: Yumi Hotel Binh Hoang Ly Balduinstr. 1 56759\u00a0Kaisersesch Die verantwortliche Stelle entscheidet allein oder gemeinsam mit anderen \u00fcber die Zwecke und Mittel der Verarbeitung von personenbezogenen Daten (z.B. Namen, Kontaktdaten o.\u2026","rel":"","context":"\u00c4hnlicher Beitrag","img":{"alt_text":"","src":"","width":0,"height":0},"classes":[]},{"id":90,"url":"http:\/\/yumi-hotel.de\/?page_id=90","url_meta":{"origin":206,"position":1},"title":"Freizeit und Umgebung","date":"25. Juli 2014","format":false,"excerpt":"Wie kaum eine zweite Stadt in der Eifel ist Kaisersesch durch eine wundersch\u00f6ne und abwechslungsreiche Umgebung beg\u00fcnstigt. Die Ausflugsm\u00f6glichkeiten in der Umgebung sind zahlreich und schnell erreichbar. Tolli Park, Vulkanpark, Deutsches Schieferbergwerk, Garten- und Freibad und der Laacher See in Mayen. Rund um Cochem gibt es 34 Burgen und Burgruinen,\u2026","rel":"","context":"\u00c4hnlicher Beitrag","img":{"alt_text":"","src":"https:\/\/i2.wp.com\/yumi-hotel.de\/wp-content\/uploads\/2014\/07\/1164238757.jpg?resize=350%2C200","width":350,"height":200},"classes":[]},{"id":23,"url":"http:\/\/yumi-hotel.de\/","url_meta":{"origin":206,"position":2},"title":"Willkommen","date":"19. Mai 2014","format":false,"excerpt":"Im\u00a0sch\u00f6ne\u00a0st\u00e4dtchen\u00a0Kaisersesch\u00a0in\u00a0der\u00a0Eifel\u00a0finden\u00a0Sie\u00a0unser\u00a0Yumi\u00a0Hotel Die\u00a0neugestalteten\u00a0freundliche\u00a0Zimmer\u00a0stehen\u00a0Ihnen\u00a0zur\u00a0Verf\u00fcgung. Sie\u00a0sind\u00a0der\u00a0K\u00f6nig\u00a0und\u00a0sagen\u00a0uns,\u00a0was\u00a0Sie\u00a0w\u00fcnschen.\u00a0Im\u00a0liebevoll\u00a0gestalteten\u00a0Restaurant pr\u00e4sentieren wir Ihnen sowohl die anspruchsvolle feine japanische K\u00fcche, als auch internationale K\u00f6stlichkeiten. Wir m\u00f6chten, dass unsere G\u00e4ste den Geschmack der internationalen und saisonalen K\u00fcche neu entdecken oder wiederfinden. Mit viel Kompetenz, Geschick und Feingef\u00fchl werden Sie von fr\u00f6hlichen, jungen Mitarbeitern umsorgt. Ob Sie mit Freunden, Kollegen\u2026","rel":"","context":"\u00c4hnlicher Beitrag","img":{"alt_text":"","src":"https:\/\/i0.wp.com\/yumi-hotel.de\/wp-content\/uploads\/2014\/08\/Floor.jpg?resize=350%2C200","width":350,"height":200},"classes":[]},{"id":74,"url":"http:\/\/yumi-hotel.de\/?page_id=74","url_meta":{"origin":206,"position":3},"title":"Unsere Zimmer","date":"13. Juli 2014","format":false,"excerpt":"Die Zimmer verf\u00fcgen \u00fcber Dusche, WC TV,F\u00f6n Kostenfreien W-Lan im gesamten Hotel Hauseigener Parkplatz kostenfrei Reichhaltigen Fr\u00fchst\u00fccksbuffet 7,50 EUR pro Person Fr\u00fchst\u00fcckszeiten: Montag - Samstag 06:30 - 08:30 sowie an allen Sonn und Feiertagen von 08:00 - 10:00 Uhr. Das Ende eines erlebnisreichen Tages k\u00f6nnen Fahrradfreunde und Motorradfreunde auf unserer\u2026","rel":"","context":"\u00c4hnlicher Beitrag","img":{"alt_text":"","src":"https:\/\/i1.wp.com\/yumi-hotel.de\/wp-content\/uploads\/2014\/07\/Bild-226.jpg?resize=350%2C200","width":350,"height":200},"classes":[]}],"_links":{"self":[{"href":"http:\/\/yumi-hotel.de\/index.php?rest_route=\/wp\/v2\/pages\/206"}],"collection":[{"href":"http:\/\/yumi-hotel.de\/index.php?rest_route=\/wp\/v2\/pages"}],"about":[{"href":"http:\/\/yumi-hotel.de\/index.php?rest_route=\/wp\/v2\/types\/page"}],"author":[{"embeddable":true,"href":"http:\/\/yumi-hotel.de\/index.php?rest_route=\/wp\/v2\/users\/1"}],"replies":[{"embeddable":true,"href":"http:\/\/yumi-hotel.de\/index.php?rest_route=%2Fwp%2Fv2%2Fcomments&post=206"}],"version-history":[{"count":2,"href":"http:\/\/yumi-hotel.de\/index.php?rest_route=\/wp\/v2\/pages\/206\/revisions"}],"predecessor-version":[{"id":208,"href":"http:\/\/yumi-hotel.de\/index.php?rest_route=\/wp\/v2\/pages\/206\/revisions\/208"}],"wp:attachment":[{"href":"http:\/\/yumi-hotel.de\/index.php?rest_route=%2Fwp%2Fv2%2Fmedia&parent=206"}],"curies":[{"name":"wp","href":"https:\/\/api.w.org\/{rel}","templated":true}]}}